{"version":"1.0","provider_name":"Der Museumsblog","provider_url":"https:\/\/www.museum.de\/blog","author_name":"Redaktion","author_url":"https:\/\/www.museum.de\/blog\/author\/msupervisor\/","title":"Baselitz jetzt: Gegenwart als Zumutung und Behauptung \u2013 Salzburg - Der Museumsblog","type":"rich","width":600,"height":338,"html":"<blockquote class=\"wp-embedded-content\" data-secret=\"5TRnExTSz7\"><a href=\"https:\/\/www.museum.de\/blog\/baselitz-jetzt-gegenwart-als-zumutung-und-behauptung-salzburg\/\">Baselitz jetzt: Gegenwart als Zumutung und Behauptung \u2013 Salzburg<\/a><\/blockquote><iframe sandbox=\"allow-scripts\" security=\"restricted\" src=\"https:\/\/www.museum.de\/blog\/baselitz-jetzt-gegenwart-als-zumutung-und-behauptung-salzburg\/embed\/#?secret=5TRnExTSz7\" width=\"600\" height=\"338\" title=\"&#8222;Baselitz jetzt: Gegenwart als Zumutung und Behauptung \u2013 Salzburg&#8220; &#8211; Der Museumsblog\" data-secret=\"5TRnExTSz7\" frameborder=\"0\" marginwidth=\"0\" marginheight=\"0\" scrolling=\"no\" class=\"wp-embedded-content\"><\/iframe><script>\n\/*! This file is auto-generated *\/\n!function(d,l){\"use strict\";l.querySelector&&d.addEventListener&&\"undefined\"!=typeof URL&&(d.wp=d.wp||{},d.wp.receiveEmbedMessage||(d.wp.receiveEmbedMessage=function(e){var t=e.data;if((t||t.secret||t.message||t.value)&&!\/[^a-zA-Z0-9]\/.test(t.secret)){for(var s,r,n,a=l.querySelectorAll('iframe[data-secret=\"'+t.secret+'\"]'),o=l.querySelectorAll('blockquote[data-secret=\"'+t.secret+'\"]'),c=new RegExp(\"^https?:$\",\"i\"),i=0;i<o.length;i++)o[i].style.display=\"none\";for(i=0;i<a.length;i++)s=a[i],e.source===s.contentWindow&&(s.removeAttribute(\"style\"),\"height\"===t.message?(1e3<(r=parseInt(t.value,10))?r=1e3:~~r<200&&(r=200),s.height=r):\"link\"===t.message&&(r=new URL(s.getAttribute(\"src\")),n=new URL(t.value),c.test(n.protocol))&&n.host===r.host&&l.activeElement===s&&(d.top.location.href=t.value))}},d.addEventListener(\"message\",d.wp.receiveEmbedMessage,!1),l.addEventListener(\"DOMContentLoaded\",function(){for(var e,t,s=l.querySelectorAll(\"iframe.wp-embedded-content\"),r=0;r<s.length;r++)(t=(e=s[r]).getAttribute(\"data-secret\"))||(t=Math.random().toString(36).substring(2,12),e.src+=\"#?secret=\"+t,e.setAttribute(\"data-secret\",t)),e.contentWindow.postMessage({message:\"ready\",secret:t},\"*\")},!1)))}(window,document);\n\/\/# sourceURL=https:\/\/www.museum.de\/blog\/wp-includes\/js\/wp-embed.min.js\n<\/script>\n","thumbnail_url":"https:\/\/www.museum.de\/blog\/wp-content\/uploads\/2026\/04\/Baselitz_Jetzt__4__d40bcf4848.jpg","thumbnail_width":660,"thumbnail_height":440,"description":"Wenn von deutscher Nachkriegskunst die Rede ist, f\u00fchrt an Georg Baselitz kaum ein Weg vorbei. Seit den 1960er Jahren hat er das Verh\u00e4ltnis von Figur, Geschichte und malerischer Geste mit einer Radikalit\u00e4t befragt, die bis heute nachwirkt. Baselitz geh\u00f6rt zu jenen K\u00fcnstlern, die nicht blo\u00df einen unverwechselbaren Stil ausgebildet haben, sondern die Bedingungen des Bildes [&hellip;]"}

Wenn von deutscher Nachkriegskunst die Rede ist, führt an Georg Baselitz kaum ein Weg vorbei. Seit den 1960er Jahren hat er das Verhältnis von Figur, Geschichte und malerischer Geste mit einer Radikalität befragt, die bis heute nachwirkt. Baselitz gehört zu jenen Künstlern, die nicht bloß einen unverwechselbaren Stil ausgebildet haben, sondern die Bedingungen des Bildes [&hellip;]
