{"version":"1.0","provider_name":"Der Museumsblog","provider_url":"https:\/\/www.museum.de\/blog","author_name":"Redaktion","author_url":"https:\/\/www.museum.de\/blog\/author\/msupervisor\/","title":"Marc Chagall in der Albertina Wien - Der Museumsblog","type":"rich","width":600,"height":338,"html":"<blockquote class=\"wp-embedded-content\" data-secret=\"K8TzifHcWr\"><a href=\"https:\/\/www.museum.de\/blog\/marc-chagall-in-der-albertina-wien\/\">Marc Chagall in der Albertina Wien<\/a><\/blockquote><iframe sandbox=\"allow-scripts\" security=\"restricted\" src=\"https:\/\/www.museum.de\/blog\/marc-chagall-in-der-albertina-wien\/embed\/#?secret=K8TzifHcWr\" width=\"600\" height=\"338\" title=\"&#8222;Marc Chagall in der Albertina Wien&#8220; &#8211; Der Museumsblog\" data-secret=\"K8TzifHcWr\" frameborder=\"0\" marginwidth=\"0\" marginheight=\"0\" scrolling=\"no\" class=\"wp-embedded-content\"><\/iframe><script>\n\/*! This file is auto-generated *\/\n!function(d,l){\"use strict\";l.querySelector&&d.addEventListener&&\"undefined\"!=typeof URL&&(d.wp=d.wp||{},d.wp.receiveEmbedMessage||(d.wp.receiveEmbedMessage=function(e){var t=e.data;if((t||t.secret||t.message||t.value)&&!\/[^a-zA-Z0-9]\/.test(t.secret)){for(var s,r,n,a=l.querySelectorAll('iframe[data-secret=\"'+t.secret+'\"]'),o=l.querySelectorAll('blockquote[data-secret=\"'+t.secret+'\"]'),c=new RegExp(\"^https?:$\",\"i\"),i=0;i<o.length;i++)o[i].style.display=\"none\";for(i=0;i<a.length;i++)s=a[i],e.source===s.contentWindow&&(s.removeAttribute(\"style\"),\"height\"===t.message?(1e3<(r=parseInt(t.value,10))?r=1e3:~~r<200&&(r=200),s.height=r):\"link\"===t.message&&(r=new URL(s.getAttribute(\"src\")),n=new URL(t.value),c.test(n.protocol))&&n.host===r.host&&l.activeElement===s&&(d.top.location.href=t.value))}},d.addEventListener(\"message\",d.wp.receiveEmbedMessage,!1),l.addEventListener(\"DOMContentLoaded\",function(){for(var e,t,s=l.querySelectorAll(\"iframe.wp-embedded-content\"),r=0;r<s.length;r++)(t=(e=s[r]).getAttribute(\"data-secret\"))||(t=Math.random().toString(36).substring(2,12),e.src+=\"#?secret=\"+t,e.setAttribute(\"data-secret\",t)),e.contentWindow.postMessage({message:\"ready\",secret:t},\"*\")},!1)))}(window,document);\n\/\/# sourceURL=https:\/\/www.museum.de\/blog\/wp-includes\/js\/wp-embed.min.js\n<\/script>\n","thumbnail_url":"https:\/\/www.museum.de\/blog\/wp-content\/uploads\/2024\/10\/marc_chagall_das_gelbe_zimmer-_1911_riehen_basel_fondation_beyeler_bildrecht_wien_2023.1200x0.jpg","thumbnail_width":1200,"thumbnail_height":902,"description":"Bereits 2004 pr\u00e4sentierte die ALBERTINA als eine der ersten Ausstellungen unter der Direktion von Klaus Albrecht Schr\u00f6der eine Ausstellung, die sich intensiv mit Marc Chagalls Auseinandersetzung mit der Bibel besch\u00e4ftigte. Diese Ausstellung bot den Besuchern einen tiefen Einblick in die Art und Weise, wie Chagall religi\u00f6se Themen in seiner Kunst verarbeitete und interpretierte. Rund 20 [&hellip;]"}

Bereits 2004 präsentierte die ALBERTINA als eine der ersten Ausstellungen unter der Direktion von Klaus Albrecht Schröder eine Ausstellung, die sich intensiv mit Marc Chagalls Auseinandersetzung mit der Bibel beschäftigte. Diese Ausstellung bot den Besuchern einen tiefen Einblick in die Art und Weise, wie Chagall religiöse Themen in seiner Kunst verarbeitete und interpretierte. Rund 20 [&hellip;]
